{"id":534,"date":"2025-10-05T17:25:02","date_gmt":"2025-10-05T15:25:02","guid":{"rendered":"https:\/\/1procentproject.pl\/?page_id=534"},"modified":"2025-10-06T07:17:41","modified_gmt":"2025-10-06T05:17:41","slug":"wystaw-opinie","status":"publish","type":"page","link":"https:\/\/1procentproject.pl\/?page_id=534","title":{"rendered":"WYSTAW OPINIE"},"content":{"rendered":"\t\t<div data-elementor-type=\"wp-page\" data-elementor-id=\"534\" class=\"elementor elementor-534\" data-elementor-post-type=\"page\">\n\t\t\t\t<div class=\"elementor-element elementor-element-c93304d e-flex e-con-boxed e-con e-parent\" data-id=\"c93304d\" data-element_type=\"container\">\n\t\t\t\t\t<div class=\"e-con-inner\">\n\t\t\t\t<div class=\"elementor-element elementor-element-5f7ccef elementor-widget elementor-widget-heading\" data-id=\"5f7ccef\" data-element_type=\"widget\" data-widget_type=\"heading.default\">\n\t\t\t\t\t<h2 class=\"elementor-heading-title elementor-size-default\">WYSTAW OPINI\u0118 <\/h2>\t\t\t\t<\/div>\n\t\t\t\t<div class=\"elementor-element elementor-element-385e6ce elementor-widget elementor-widget-heading\" data-id=\"385e6ce\" data-element_type=\"widget\" data-widget_type=\"heading.default\">\n\t\t\t\t\t<h2 class=\"elementor-heading-title elementor-size-default\">E-BOOK  ,,OTW\u00d3RZ UMYS\u0141 ZACZNIJ DZIA\u0141A\u0106<\/h2>\t\t\t\t<\/div>\n\t\t\t\t<div class=\"elementor-element elementor-element-56b61fb items-justified-left elementor-widget elementor-widget-site_reviews_summary\" data-id=\"56b61fb\" data-element_type=\"widget\" data-widget_type=\"site_reviews_summary.default\">\n\t\t\t\t<div class=\"elementor-widget-container\">\n\t\t\t\t\t<?xml encoding=\"utf-8\"?><div class=\"glsr-elementor-56b61fb elementor-site-reviews-summary\"><div class=\"glsr glsr-default\" id=\"glsr_oceqhbog\" data-from=\"elementor\" data-shortcode=\"site_reviews_summary\"><div class=\"glsr-summary-wrap\">\n    <div class=\"glsr-summary\">\n        <div class=\"glsr-summary-rating\"><span class=\"glsr-tag-value\">5,0<\/span><\/div>\n        <div class=\"glsr-summary-stars\"><div class=\"glsr-star-rating glsr-stars\" role=\"img\" aria-label=\"Rated 5 out of 5 stars based on 1 ratings\" data-rating=\"5\" data-reviews=\"1\"><span class=\"glsr-star glsr-star-full\" aria-hidden=\"true\"><\/span><span class=\"glsr-star glsr-star-full\" aria-hidden=\"true\"><\/span><span class=\"glsr-star glsr-star-full\" aria-hidden=\"true\"><\/span><span class=\"glsr-star glsr-star-full\" aria-hidden=\"true\"><\/span><span class=\"glsr-star glsr-star-full\" aria-hidden=\"true\"><\/span><\/div><\/div>\n        <div class=\"glsr-summary-text\"><span class=\"glsr-tag-value\">5,0 na 5 gwiazdek (na podstawie 1 recenzji)<\/span><\/div>\n        <div class=\"glsr-summary-percentages\"><div class=\"glsr-summary-bar\" data-level=\"5\"><span class=\"glsr-summary-bar-label\">5<\/span><span class=\"glsr-summary-bar-background\" style=\"--glsr-bar-percent:100%;\"><\/span><span class=\"glsr-summary-bar-percent\" data-percent=\"100%\" data-reviews=\"1\"><\/span><\/div><div class=\"glsr-summary-bar\" data-level=\"4\"><span class=\"glsr-summary-bar-label\">4<\/span><span class=\"glsr-summary-bar-background\" style=\"--glsr-bar-percent:0%;\"><\/span><span class=\"glsr-summary-bar-percent\" data-percent=\"0%\" data-reviews=\"0\"><\/span><\/div><div class=\"glsr-summary-bar\" data-level=\"3\"><span class=\"glsr-summary-bar-label\">3<\/span><span class=\"glsr-summary-bar-background\" style=\"--glsr-bar-percent:0%;\"><\/span><span class=\"glsr-summary-bar-percent\" data-percent=\"0%\" data-reviews=\"0\"><\/span><\/div><div class=\"glsr-summary-bar\" data-level=\"2\"><span class=\"glsr-summary-bar-label\">2<\/span><span class=\"glsr-summary-bar-background\" style=\"--glsr-bar-percent:0%;\"><\/span><span class=\"glsr-summary-bar-percent\" data-percent=\"0%\" data-reviews=\"0\"><\/span><\/div><div class=\"glsr-summary-bar\" data-level=\"1\"><span class=\"glsr-summary-bar-label\">1<\/span><span class=\"glsr-summary-bar-background\" style=\"--glsr-bar-percent:0%;\"><\/span><span class=\"glsr-summary-bar-percent\" data-percent=\"0%\" data-reviews=\"0\"><\/span><\/div><\/div>\n    <\/div>\n<\/div><\/div><\/div>\n\t\t\t\t<\/div>\n\t\t\t\t<\/div>\n\t\t\t\t<div class=\"elementor-element elementor-element-d88707f elementor-button-align-stretch elementor-widget elementor-widget-site_reviews_form\" data-id=\"d88707f\" data-element_type=\"widget\" data-widget_type=\"site_reviews_form.default\">\n\t\t\t\t<div class=\"elementor-widget-container\">\n\t\t\t\t\t<?xml encoding=\"utf-8\"?><div class=\"glsr-elementor-d88707f elementor-site-reviews-form\"><div class=\"glsr glsr-default\" id=\"glsr_opkdcbgf\" data-from=\"elementor\" data-shortcode=\"site_reviews_form\" data-assigned_posts=\"140\" data-hide=\"title\"><div class=\"glsr-form-wrap\">\n    <form class=\"glsr-form glsr-review-form\" method=\"post\" enctype=\"multipart\/form-data\">\n        <input type=\"hidden\" name=\"site-reviews[_action]\" value=\"submit-review\">\n<input type=\"hidden\" name=\"site-reviews[_nonce]\" value=\"95b773249a\">\n<input type=\"hidden\" name=\"site-reviews[_post_id]\" value=\"534\">\n<input type=\"hidden\" name=\"site-reviews[_referer]\" value=\"\">\n<input type=\"hidden\" name=\"site-reviews[assigned_posts]\" value=\"140\">\n<input type=\"hidden\" name=\"site-reviews[assigned_terms]\" value=\"\">\n<input type=\"hidden\" name=\"site-reviews[assigned_users]\" value=\"\">\n<input type=\"hidden\" name=\"site-reviews[excluded]\" value=\"title\">\n<input type=\"hidden\" name=\"site-reviews[form_id]\" value=\"glsr_opkdcbgf\">\n<input type=\"hidden\" name=\"site-reviews[form_signature]\" value=\"EAYa9pVta9Fl088Oou9HpvY4F3Xuq3kyHhuPEV2OEYTX-rQ0lawL_KVmfx0KJrlapqrI4oCGiBmUXWldf2hH4C9zTap1HMD-GUNF4QW_KnkyzautU5UWS9W75UCxWWr8YVNboUFPaamxqLpVmX-rP1qVs1cmcCT-JRR_qB5xK6f5UKokfHu5YeacwuyVbGaRFLG7SdnxFkndfB2E-N9kqQDCfcPM_4vEXX6XIj7KcC9-YtVec8nHVAeCh0mI11LTe-0cXkFzqtI56AvLtGimAe0ygwFb_XMMBl2-lNoslm0PBnCD-IEsgWKfVIOytXH8U28mb1KPy1tIvwKkecJKjPT3cStM68r2-vwyFQ_JXMMeKcVqIOyPvxNpnVbJKS-HZnCWn7xQDDkP61iQGZxLqgpn4y9NFVJDHMMpamYTdugO1uHi8AkZaq2YD74jpcWXIkkh\">\n<input type=\"hidden\" name=\"site-reviews[terms_exist]\" value=\"1\">\n<div class=\"glsr-field\" style=\"display:none;\"><label for=\"site-reviews-519c3e75-glsr_opkdcbgf\">Recenzja<\/label><input type=\"text\" class=\"glsr-input glsr-input-text\" id=\"site-reviews-519c3e75-glsr_opkdcbgf\" name=\"site-reviews[519c3e75]\" value=\"\"><\/div>\n<div class=\"glsr-field glsr-field-rating glsr-required\" data-field=\"rating\" data-type=\"rating\">\n    <label class=\"glsr-label\" for=\"glsr_opkdcbgf-rating\">\n    <span>Twoja og&oacute;lna ocena<\/span>\n<\/label>\n    <select class=\"browser-default disable-select glsr-select no-wrap no_wrap\" id=\"glsr_opkdcbgf-rating\" name=\"site-reviews[rating]\" required><option value=\"\">Select a Rating<\/option><option value=\"5\">5 Stars<\/option><option value=\"4\">4 Stars<\/option><option value=\"3\">3 Stars<\/option><option value=\"2\">2 Stars<\/option><option value=\"1\">1 Star<\/option><\/select>\n    <div class=\"glsr-field-error\"><\/div>\n<\/div>\n<div class=\"glsr-field glsr-field-textarea glsr-required\" data-field=\"content\" data-type=\"textarea\">\n    <label class=\"glsr-label\" for=\"glsr_opkdcbgf-content\">\n    <span>Recenzja<\/span>\n<\/label>\n    <textarea class=\"glsr-textarea\" id=\"glsr_opkdcbgf-content\" name=\"site-reviews[content]\" required placeholder=\"Opowiedz innym o swojej recenzji\" rows=\"5\"><\/textarea>\n    <div class=\"glsr-field-error\"><\/div>\n<\/div>\n<div class=\"glsr-field glsr-field-text glsr-required\" data-field=\"name\" data-type=\"text\">\n    <label class=\"glsr-label\" for=\"glsr_opkdcbgf-name\">\n    <span>Imi&#281;<\/span>\n<\/label>\n    <input type=\"text\" class=\"glsr-input glsr-input-text\" id=\"glsr_opkdcbgf-name\" name=\"site-reviews[name]\" required placeholder=\"Podaj swoje imi&#281;\" value=\"\">\n    <div class=\"glsr-field-error\"><\/div>\n<\/div>\n<div class=\"glsr-field glsr-field-email glsr-required\" data-field=\"email\" data-type=\"email\">\n    <label class=\"glsr-label\" for=\"glsr_opkdcbgf-email\">\n    <span>Email<\/span>\n<\/label>\n    <input type=\"email\" class=\"glsr-input glsr-input-email\" id=\"glsr_opkdcbgf-email\" name=\"site-reviews[email]\" required placeholder=\"Podaj sw&oacute;j email\" value=\"\">\n    <div class=\"glsr-field-error\"><\/div>\n<\/div>\n<div class=\"glsr-field glsr-field-choice\" data-field=\"terms\" data-type=\"toggle\">\n    \n    <div class=\"glsr-field-subgroup\">\n        <span class=\"glsr-field-toggle\">\n    <span>\n        <span class=\"glsr-toggle\"><input type=\"checkbox\" class=\"glsr-input-toggle\" id=\"glsr_opkdcbgf-terms-1\" name=\"site-reviews[terms]\" value=\"1\"><span class=\"glsr-toggle-track\"><\/span><\/span>\n    <\/span>\n    <label for=\"glsr_opkdcbgf-terms-1\">Ta recenzja opiera si&#281; na moim w&#322;asnym do&#347;wiadczeniu i jest moj&#261; szczer&#261; opini&#261;.<\/label>\n<\/span>\n    <\/div>\n    <div class=\"glsr-field-error\"><\/div>\n<\/div>\n        <div class=\"glsr-form-message\">\n    \n<\/div>\n        <div data-field=\"submit-button\">\n    <div class=\"wp-block-buttons is-layout-flex\">\n        <div class=\"wp-block-button\">\n            <button type=\"submit\" class=\"glsr-button wp-block-button__link wp-element-button\" aria-busy=\"false\" data-loading=\"Trwa wysy&#322;anie, prosz&#281; czeka&#263;...\">Wy&#347;lij recenzj&#281;<\/button>\n        <\/div>\n    <\/div>\n<\/div><div class=\"glsr-captcha-holder\"><\/div>\n    <\/form>\n<\/div><\/div><\/div>\n\t\t\t\t<\/div>\n\t\t\t\t<\/div>\n\t\t\t\t<div class=\"elementor-element elementor-element-12300a8 elementor-widget elementor-widget-heading\" data-id=\"12300a8\" data-element_type=\"widget\" data-widget_type=\"heading.default\">\n\t\t\t\t\t<span class=\"elementor-heading-title elementor-size-default\"><a href=\"#\">wr\u00f3\u0107 do srony g\u0142\u00f3wnej<\/a><\/span>\t\t\t\t<\/div>\n\t\t\t\t\t<\/div>\n\t\t\t\t<\/div>\n\t\t\t\t<\/div>\n\t\t","protected":false},"excerpt":{"rendered":"<p>WYSTAW OPINI\u0118 E-BOOK ,,OTW\u00d3RZ UMYS\u0141 ZACZNIJ DZIA\u0141A\u0106 5,0 5,0 na 5 gwiazdek (na podstawie 2 recenzji) 5100%40%30%20%10% Recenzja Twoja og\u00f3lna ocena Select a Rating5 Stars4 Stars3 Stars2 Stars1 Star Recenzja Imi\u0119 Email Ta recenzja opiera si\u0119 na moim w\u0142asnym do\u015bwiadczeniu i jest moj\u0105 szczer\u0105 opini\u0105. &#8203; Wy\u015blij recenzj\u0119 wr\u00f3\u0107 do srony g\u0142\u00f3wnej<\/p>\n","protected":false},"author":1,"featured_media":0,"parent":0,"menu_order":0,"comment_status":"closed","ping_status":"closed","template":"","meta":{"_glsr_average":0,"_glsr_ranking":0,"_glsr_reviews":0,"footnotes":""},"class_list":["post-534","page","type-page","status-publish","hentry"],"jetpack_sharing_enabled":true,"_links":{"self":[{"href":"https:\/\/1procentproject.pl\/index.php?rest_route=\/wp\/v2\/pages\/534","targetHints":{"allow":["GET"]}}],"collection":[{"href":"https:\/\/1procentproject.pl\/index.php?rest_route=\/wp\/v2\/pages"}],"about":[{"href":"https:\/\/1procentproject.pl\/index.php?rest_route=\/wp\/v2\/types\/page"}],"author":[{"embeddable":true,"href":"https:\/\/1procentproject.pl\/index.php?rest_route=\/wp\/v2\/users\/1"}],"replies":[{"embeddable":true,"href":"https:\/\/1procentproject.pl\/index.php?rest_route=%2Fwp%2Fv2%2Fcomments&post=534"}],"version-history":[{"count":17,"href":"https:\/\/1procentproject.pl\/index.php?rest_route=\/wp\/v2\/pages\/534\/revisions"}],"predecessor-version":[{"id":600,"href":"https:\/\/1procentproject.pl\/index.php?rest_route=\/wp\/v2\/pages\/534\/revisions\/600"}],"wp:attachment":[{"href":"https:\/\/1procentproject.pl\/index.php?rest_route=%2Fwp%2Fv2%2Fmedia&parent=534"}],"curies":[{"name":"wp","href":"https:\/\/api.w.org\/{rel}","templated":true}]}}